Suppose -x*r = -5*p + 7, -5*r + 2*p - 18 = -0*p. Determine c(r).
10
Let z(i) = -2*i + 2. Let b(f) = 5*f - 5. Suppose -5*t = -4 - 11. Let a(u) = t*b(u) + 8*z(u). Calculate a(-3).
4
Suppose 6*h = w + 2*h + 2, -4*w + 4*h - 8 = 0. Let v = 1 - 1. Let r(n) = -5*n**2 + 4*n**2 + n + v*n. Give r(w).
-6
Suppose a + 4*a = 3*u, 3*a - 3*u = 0. Let f = a - 0. Let d(g) = -g**2 - 4. Calculate d(f).
-4
Let z be (-8)/(-28) + (-74)/14. Let i(w) = -w + 6. Determine i(z).
11
Let l(v) = -7*v**3 - 5*v**2 - 2*v + 9. Let b(g) = 15*g**3 + 11*g**2 + 5*g - 19. Let p(w) = -6*b(w) - 13*l(w). Let s = 17 - 10. Let o = s + -9. What is p(o)?
-7
Suppose -8 = -5*h - 5*r + 12, 5*h + 2*r = 11. Let o(a) = -a + h + 4*a + 5*a - 5*a. Determine o(-1).
-2
Let l(m) = 2 + 3 - 126*m + 124*m + 7. What is l(8)?
-4
Let x(p) be the first derivative of 1/3*p**3 - 5/2*p**2 + 6*p - 1. What is x(4)?
2
Let a be 4/14*14/2. Let j(k) = k**3 - 6*k**2 - 5 + a - 1. Determine j(6).
-4
Let x(o) = -15*o + 1. Let j = -24 - -25. Determine x(j).
-14
Let b(u) = u**2 - 4*u - 1. Let f be -6*(-4 - 14/(-4)). Give b(f).
-4
Let r(j) = 2*j**2 + j - 5*j**2 + 2 + 2*j**2 - 3*j**2. Determine r(2).
-12
Let c = -15 - -16. Let n be -2 - 0 - 2*2. Let t(u) = 9*u**3 - 7*u**2 - u - 5. Let h(x) = 17*x**3 - 13*x**2 - 2*x - 9. Let z(y) = n*h(y) + 11*t(y). What is z(c)?
-2
Suppose -3*b + 6*b = 15. Suppose -b*v + 20 = -4*j, 2*j + 5*v - 20 = -0*j. Let x(o) = -o + 14. Calculate x(j).
14
Let g be 0/(3/((-6)/(-2))). Let q be (5/(-1) - g)*-1. Let t(p) = -p**3 + 4*p**2 + 5*p. Determine t(q).
0
Let z(a) = -a**3 + 7*a**2 + a - 8. Let i(l) = l**3 - 7*l**2 - 2*l + 9. Let x(p) = 4*i(p) + 5*z(p). Calculate x(6).
14
Suppose -15 = 2*u + 3*u. Let j(i) = -4*i**3 - i**2 - i + 2. Let b(w) = -11*w**3 - 2*w**2 - 3*w + 6. Let h(f) = u*b(f) + 8*j(f). What is h(2)?
0
Let x(p) = p**3 + 4*p**2 + 2. Let c(i) = 3*i**3 + 7*i**2 + 3. Let y(m) = m**3 - m**2 + m - 1. Let o be y(2). Let q(t) = o*x(t) - 3*c(t). Calculate q(-1).
4
Let j(p) = -7*p**2 + 1. Let s = -3 + 7. Suppose -s*i - 4*o - 6 + 18 = 0, 3*i - 5*o + 23 = 0. Give j(i).
-6
Suppose 0*y + 2*y = -5*w - 8, 2*y - 5*w = 12. Let j(p) = 2 + p + 2 + 5 + y. Give j(0).
10
Let s be (-2)/(-1) - (-2)/(-2). Let k(x) be the second derivative of x**4/6 - x**2/2 + 3*x. Let h(y) be the first derivative of k(y). Give h(s).
4
Let l(u) = -u**2 - u - 1. Suppose -3*i = -4*x + 2*i - 47, -3*x - i = 59. Let g = -18 - x. What is l(g)?
-1
Suppose -3*m + 8*m - 20 = 0. Suppose 5*y - 3*f - 2 = 3*y, 5*f = m*y - 6. Let o(i) = -i**2 + 4*i + 2. What is o(y)?
2
Let g be -2*1*(-25)/10. Let b(l) = l. What is b(g)?
5
Suppose 1 = -2*j - 7. Let p(q) = -q**3 - 3*q**2 + 5*q - 1. What is p(j)?
-5
Let i(r) = -r**2 + 4*r. Let u = -20 - -22. What is i(u)?
4
Let i = 131 + -132. Let n(z) = 2*z. What is n(i)?
-2
Let p(u) be the second derivative of -5/2*u**2 - u - 1/6*u**3 + 0. What is p(-5)?
0
Let q(a) = -a**2 - 6*a + 5. Let o be q(-7). Let z(f) be the second derivative of -f**4/6 - f**3/6 - f**2/2 + 2*f. Give z(o).
-7
Let z = 4 + -5. Let n(s) = -14*s**3 - 7*s**2 + 3*s - 4. Let f(y) = -5*y**3 - 2*y**2 + y - 1. Let j(u) = 7*f(u) - 2*n(u). Give j(z).
7
Let x(d) = 2 + d**3 - 1 + 2*d + 5 + 4*d**2 - 2. Calculate x(-3).
7
Let m(d) = -10 + d**3 + 30 + d**2 - 15. Determine m(0).
5
Suppose -2*l - 2 + 8 = 0. Let h(t) = 2*t**3 - 3 + 4 - l*t + 0*t**3 + 2. Give h(2).
13
Suppose -3*u = -4*s - 15, -6*u + 4*u = 2*s - 10. Let o(p) = -2*p + p**3 - 2 - 6*p**2 + 6*p + 3. What is o(u)?
-4
Let b = -9 - -14. Let i(y) = y**2 + 10*y - 9. Let a(g) = 2*g**2 + 11*g - 10. Let v = 2 + -4. Let x(h) = v*a(h) + 3*i(h). What is x(b)?
8
Suppose 0 - 5 = -t, -15 = 5*d - 5*t. Let f(q) = 0 + 3*q + 2*q**2 - 4 - 2 + d. Calculate f(-3).
5
Let c(s) = 2*s + 6. Let d(x) = -7*x**3 + 2 + 8*x**3 - 3*x + 3*x. Let a be d(-2). Give c(a).
-6
Suppose 5*c - 50 = j, -5 = c + 3*j + 1. Suppose 14*f - 20 = c*f. Let l(b) = -b + 1. Determine l(f).
-3
Suppose 5*s + 15 = 0, 0*v + 9 = 5*v + 2*s. Let a(c) = -c**2 + 0*c + c**v - 4 + c + 3. Let j = 10 + -8. Calculate a(j).
5
Suppose -a + 1 = -0*a. Suppose 0 = -3*p - a + 13. Let r(x) = -x**3 + 4*x**2 - 2*x + 2. What is r(p)?
-6
Let z(n) be the third derivative of -n**5/60 + 7*n**4/24 - n**3/2 + 3*n**2. Determine z(6).
3
Let u(z) = -3 - 8*z + 0 + 4. What is u(1)?
-7
Let z(j) = -3*j**2 - j - 1. Let b be (-2 + 2)/(-2 - -1). Let a = b + -1. Calculate z(a).
-3
Let t(j) be the second derivative of -j**4/12 - j**3 - 3*j**2/2 - 31*j. Let x(a) = a - 6. Let h be x(6). Suppose 0*u - 3*u - 12 = h. Calculate t(u).
5
Suppose -3*r - r = 0. Let f = -2 - -4. Let u(y) = -y**3 + 0*y**3 + 0*y - 3 - 2 - y - y**f. Calculate u(r).
-5
Suppose -t - 10 = t. Let z(n) be the first derivative of -5*n + 5 - 1/3*n**3 - 7/2*n**2. Determine z(t).
5
Suppose 4*v - 2*a + 10 = 0, 8*v + 4*a + 6 = 3*v. Let b(p) = -p**3 + p**2 + 3*p + 1. Calculate b(v).
7
Let r(h) be the third derivative of 0*h + 2/3*h**3 + 1/120*h**6 - 3*h**2 + 0 - 1/24*h**4 - 1/10*h**5. What is r(6)?
-2
Let s(i) = i**3 - 6*i**2 + 5*i - 5. Let w(l) = -l + 1. Let c(t) = -s(t) + 2*w(t). Let y(h) = h**2 + h - 1. Let d be y(-3). Give c(d).
-3
Let h(g) = -g**2 + 4*g + 5. Suppose -16 = -3*m - 1. Suppose 0 = 5*k - 5, -m*x + 3*k + 7 = -3*x. What is h(x)?
0
Suppose 2 = -a + 3*a - r, 0 = 5*a - 3*r - 4. Let n(m) = -3*m**2 + 4*m + 2*m**a - 3*m + 3. Let u = -12 - -15. Give n(u).
-3
Let q(s) be the first derivative of 1/3*s**3 + 1 + 4*s - 7/2*s**2. Give q(5).
-6
Let h(p) = -4*p**2 - 5*p + 3. Let t(a) = 3*a**2 + 4*a - 2. Let k(j) = -4*h(j) - 5*t(j). Let f(q) = -3*q**2 - q + 7. Let c(w) = 2*f(w) + 7*k(w). What is c(3)?
3
Suppose -4*t - 2*t = -24. Let v(n) = n**2 + n - 3. Determine v(t).
17
Let u(d) be the second derivative of d**3/3 + 3*d**2 + 3*d. Let p(c) = 2*c - 4. Let k be p(3). Let s(t) = -t**3 + 2. Let h be s(k). Give u(h).
-6
Let p(s) be the second derivative of s**5/20 + s**4/2 - s**3/6 - s**2 - s. Let t be p(-6). Let j(y) = -4*y + 4*y + t*y. Calculate j(1).
4
Let h = -15 - -22. Let w = -4 + h. Let p(m) = -m**3 + m**2 + 4*m - 1. Give p(w).
-7
Let b(x) = -x**3 + 0 - 1 + 2*x**3. Suppose r + 2 = 3*r - 2*h, 3*r + 5*h + 13 = 0. Give b(r).
-2
Suppose 3*z = -5*x - 25, -4*x - x + 15 = -5*z. Let t(y) = -y**2 - 3*y - 2. Calculate t(x).
0
Suppose 2*x = -4*f + 14 + 12, -x + 5 = 0. Suppose -12 = 4*m - 5*z, f*z = 3*m + 2 + 8. Let l be m/(3*4/(-30)). Let j(u) = u**2 + 4*u - 4. Calculate j(l).
1
Let x(l) = -2 + 3 + 0 + l. What is x(-4)?
-3
Suppose 3 = 4*p + v, 10 + 15 = -5*v. Let s(g) = 3*g + 5*g**2 + 2 - 6*g**p + 0*g**2. Give s(2).
4
Let m(p) = -p**3 - p**2 + 6*p - 17. Suppose -8*u + 3*u = -5. Let o(n) = -n + 1. Let z(y) = u*m(y) + 6*o(y). What is z(0)?
-11
Let p = 2 + -3. Let l(y) = y**2 + 2*y + 1. What is l(p)?
0
Let x(i) be the third derivative of -i**5/60 + 3*i**4/8 + 2*i**3 - 33*i**2. Determine x(10).
2
Suppose -3*n = -2*l - 14, 4*l - 6*l - 18 = -5*n. Let y(c) be the first derivative of -c**3 + 1/2*c**2 + 1/4*c**4 + 2*c - n. What is y(3)?
5
Let m(k) = k**3 + 7*k**2 + 6*k - 1. Let q(b) = -b**2 - b. Let h(z) = -m(z) - 3*q(z). What is h(-4)?
13
Let f be 0 - 0*(-1)/(-3). Let m(p) = -1 + 0 + f*p - p. Let u be m(-1). Let s(c) = -c**2 - 4. What is s(u)?
-4
Let l(i) = 6*i + 3. Let b(y) = -y**2 + 1. Let g be b(2). Let v be 2*g/6 - 1. Calculate l(v).
-9
Suppose -2*a = -b - 2*b, 3 = a. Let f(d) = 0 + 0*d + 1 + 2*d + 0 - 6*d**b. Determine f(-1).
-7
Let f(c) be the third derivative of -c**6/120 - c**5/15 + c**4/24 + c**3/3 - 12*c**2. Calculate f(-3).
-10
Suppose -l - 2 - 1 = 0. Let i(a) be the third derivative of -a**5/30 - a**4/6 - 5*a**2. What is i(l)?
-6
Let c = 2 - 2. Let w = 5 + c. Suppose -w = 3*s + 7. Let j(q) = -2*q - 3. Determine j(s).
5
Suppose -4*p + 20 = 4*m, -m = 5*p - 4*m - 25. Let s(u) = -3*u**2 + 0*u**2 + p + 2*u - 3 + 2*u**2. What is s(3)?
-1
Let a(h) = 7*h**3 - 12*h**2 - 6*h + 11. Let i(j) = -11*j**3 + 18*j**2 + 9*j - 16. Let q(t) = 8*a(t) + 5*i(t). Calculate q(6).
-10
Let p(i) = -i**3 + 7*i**2 - 5*i - 4. Suppose 0 = -14*m + 23*m - 54. Give p(m).
2
Let b(f) = f**2 - 7*f + 4. Let j = 7 - 2. Determine b(j).
-6
Let g(m) = m**2 + 7*m + 4. Let l(w) be the second derivative of -w**5/20 + w**4/3 + 7*w**3/6 - 3*w**2/2 + w. Let q be l(5). Let c = -12 + q. What is g(c)?
-6
Let a(r) = r**2 - 9*r + 1. Suppose 4*k + 90 = 14*k. Calculate a(k).
1
Let r(x) be the 